)/(-1*(o - -1)). Suppose 3*b - 2*q = 38, 4*b = q + 2*q + 52. What is the greatest common divisor of w and b?
10
Let n = -41 + 59. Suppose -a + 10 = -n. Let d = 52 - -18. Calculate the highest common factor of a and d.
14
Let u be 1 - -2 - (-2 - -4). Let l(t) = -t**3 + 10*t**2 - t + 11. Let g be l(10). Calculate the highest common divisor of u and g.
1
Suppose 3*n = -2*c - 35, 0 = -3*c - n - 10 - 39. Suppose -l = -10 + 4. Let p be (3*-2)/(l/c). Calculate the greatest common factor of 8 and p.
8
Suppose -6*o + 187 = 7. What is the highest common divisor of 10 and o?
10
Let p(t) = -2*t + 17. Let i be p(6). Calculate the greatest common divisor of i and 20.
5
Let l(o) = o**3 - 3*o**2 + 2*o + 2. Let j be l(2). Suppose -5 + 37 = j*u + 4*v, -5*u = 3*v - 59. What is the greatest common divisor of u and 30?
10
Let l = 269 - 82. Calculate the greatest common divisor of l and 17.
17
Suppose 2*y + 8 = 0, 5*y - 13 - 2 = 5*j. Let t(u) = -u - 1. Let z be t(j). Suppose 7*h = 3*h + 264. What is the highest common divisor of h and z?
6
Let s = 7 + 44. Suppose 2*l = -z + 21, l + s = 3*z + 4*l. Calculate the greatest common factor of z and 52.
13
Let i(o) = -11*o**3 - o**2 + 1. Let k be i(-1). Let s = 19 - k. What is the highest common divisor of 24 and s?
8
Suppose 2 + 1 = 3*t. What is the highest common divisor of t and 7?
1
Let i be 20*((-12)/(-10))/3. Suppose -15 + 6 = q. Let w be 6*q*(-4)/3. Calculate the highest common factor of w and i.
8
Let c(j) = -j + 5. Let m be c(0). Suppose m*u + 0 = 10. Suppose 0 = -2*g - 0*b + 4*b + 52, -g = 4*b - 2. Calculate the greatest common divisor of u and g.
2
Suppose -5*n + 2*n = -75. Calculate the highest common factor of n and 25.
25
Let n(u) = -3*u - 1. Let m be n(-5). Let h = 1985 + -1355. Suppose h = 4*k + k. What is the greatest common divisor of m and k?
14
Let b(c) be the second derivative of -c**3/2 - c**2/2 - 4*c. Let m be b(-4). What is the highest common divisor of m and 44?
11
Suppose 7*b - 60 = 2*b. Calculate the highest common divisor of 12 and b.
12
Let u = -16 + 28. Let j be (-2)/4 + 61/2. Calculate the highest common divisor of u and j.
6
Let z = -3 - -9. Calculate the highest common divisor of 54 and z.
6
Suppose -3*f - 49 = -5*f - 5*w, 4*f + 3*w - 105 = 0. Let h = f - 16. Let c = -14 + 25. Calculate the greatest common factor of h and c.
11
Let q = -33 - -93. What is the highest common divisor of q and 140?
20
Suppose -2*n + 4*n - 210 = -5*a, -420 = -4*n + 4*a. What is the highest common factor of n and 42?
21
Let s = -10 + 23. Let n(p) = -103*p + 1. Let b be n(-1). Calculate the highest common factor of b and s.
13
Suppose 0*s = s + 4*m, 0 = -3*m. Let f be 674/3 + 2/6. Suppose -5*j + f = -s*j. What is the highest common divisor of j and 5?
5
Suppose -3*h + 3 - 18 = 0, -3*l + 84 = 3*h. Calculate the greatest common factor of l and 3.
3
Suppose -2*m - 28 = -4*d + 54, 4*m - 45 = -3*d. Calculate the greatest common factor of 95 and d.
19
Let c(n) = -15*n**3 + 5*n**2 + 3*n + 2. Let l be c(-2). Suppose p + 84 = 5*v, 4*p = -0*p + 4. Calculate the highest common factor of v and l.
17
Suppose 0 = 6*p - 10*p + 60. What is the highest common divisor of p and 15?
15
Suppose -r + 2 = 5*i, i + 3*r = -0*i - 8. Let m be 1 + i + (-4)/(-2). Suppose 21 - 261 = -m*u. Calculate the greatest common divisor of u and 15.
15
Let r = 42 + -27. What is the highest common divisor of 6 and r?
3
Let a = -2 + 4. Suppose -3*h = -u - 163, -a*h + 93 = -3*u - 11. What is the highest common divisor of 22 and h?
11
Suppose -1 = -5*f + 5*b + 14, 7 = f - 2*b. Let d be 2*f + (122 - 3). Let o = 216 - d. What is the highest common divisor of o and 11?
11
Let h be 0*(1 + (-2)/1). Let a = 14 - 9. Suppose -3*o + o = 5*s - 35, h = -a*o - 5*s + 50. What is the greatest common factor of o and 5?
5
Let c be -1 + 6 - (-1 + 1). Let l = 91 - 46. What is the highest common factor of c and l?
5
Suppose 0*o - 4*o + 2*k + 2 = 0, 0 = 5*o + 3*k - 19. Suppose -4*q - 3*b + 129 = -119, -138 = -2*q + o*b. What is the greatest common divisor of 13 and q?
13
Let k be (8/24)/((-2)/(-36)). Suppose -t = t - k. What is the greatest common divisor of t and 9?
3
Let b = -16 + 21. Suppose 0 = -b*u + 30. Calculate the greatest common divisor of 48 and u.
6
Suppose 2*k + 3*d = 14, 0 = 4*k + d - 51 + 13. Calculate the greatest common divisor of 30 and k.
10
Let w(p) = 14*p**3 + p - 1. Let q be w(1). Let b = 11 - 8. Let o be 4/(-6) + 107/b. What is the highest common divisor of q and o?
7
Suppose 0 = -h - 3*l + 68, 4*h + 8*l - 245 = 5*l. Calculate the greatest common divisor of 236 and h.
59
Suppose 110 = -4*c - 2*g - 3*g, -56 = 2*c + 2*g. Let k = c - -51. What is the highest common divisor of k and 14?
7
Suppose 1 - 7 = -2*i. Suppose i*a = -2*a + 45. Let z be 1/((-8)/(-162))*4. Calculate the greatest common factor of z and a.
9
Let n(l) = 30*l**2 - 2*l + 4. Let q be n(2). What is the greatest common factor of 15 and q?
15
Let g(j) = 13*j + 7. Let y(d) = 6*d + 4. Let l(t) = -3*g(t) + 7*y(t). Let a be l(5). Calculate the highest common factor of a and 33.
11
Suppose 0 = -3*d - 0*d + 312. Let a = 33 - 19. Let f = d - a. Calculate the greatest common divisor of 15 and f.
15
Let q(m) = -3*m**2 + 4*m**2 + 8 - m + 10. Let a be 3 + 1 - (2 - -2). Let x be q(a). What is the greatest common factor of 27 and x?
9
Let r(y) = 5*y - 6. Let b be r(6). Let d = -45 - -57. What is the highest common factor of d and b?
12
Let z be 0 + 3 + (4 - 2). Suppose 252 = 2*o + z*o. Calculate the highest common factor of o and 12.
12
Suppose -t + 1 + 2 = 0. Let f = 12 + 12. Calculate the highest common divisor of f and t.
3
Let y = -65 + 137. Let d(o) = -o**2 + 5*o + 2. Let a be d(3). Calculate the highest common factor of a and y.
8
Let j = -102 + 124. What is the greatest common divisor of j and 33?
11
Let v(y) = y**3 + 3*y**2 - 2. Let p be v(5). Suppose -p = -3*l + l. Calculate the greatest common divisor of l and 11.
11
Let w(z) = z**2 + 2*z - 4. Let n be w(-4). Let j = n - 1. Calculate the greatest common divisor of 9 and j.
3
Suppose -4*k - 2*k + 210 = 0. What is the highest common divisor of 5 and k?
5
Suppose 0 = -2*v - 6, a + 162 = 6*a - 4*v. Calculate the highest common divisor of a and 45.
15
Suppose 15 = -y + 34. What is the highest common factor of y and 19?
19
Let b = -7 - 9. Let w = b - -26. What is the greatest common factor of w and 15?
5
Suppose -12 = -5*u - 2. What is the greatest common factor of 22 and u?
2
Let c = -6 - -7. Let n be 2*(c - 2) + 24. What is the highest common divisor of 2 and n?
2
Let f(a) = a. Let r be f(2). Suppose 5*k - 2*k + 70 = 4*w, 4*w + r*k - 80 = 0. Calculate the highest common factor of w and 171.
19
Let d = -6 - -3. Let s be 0/(-1 - d/1). Suppose -12 = 4*n, s*y = -3*y + 3*n + 219. Calculate the highest common divisor of y and 10.
10
Let h be 260/30 + (-1)/(-3). What is the greatest common divisor of h and 27?
9
Let t = 11 - 7. Suppose 6 + 18 = t*n. Let p(k) = -k**2 + 9*k - 7. Let m be p(n). What is the greatest common factor of 22 and m?
11
Suppose -319 = 2*p + 3*m, -p + 2*m - 147 = m. Let x = p + 218. Calculate the greatest common factor of x and 22.
22
Suppose 25 = 7*d - 2*d. Let b be (-18)/(57/66 - 1). Let l = b + -77. Calculate the greatest common divisor of l and d.
5
Suppose 0*g + o + 47 = 5*g, 0 = -g + o + 7. Calculate the greatest common factor of g and 30.
10
Let y = -1 - -3. Let g be (3 + 3)*1/y. Let c be ((-10)/g)/(10/(-15)). What is the highest common divisor of 10 and c?
5
Suppose -5 + 1 = -2*m, -2*c + 64 = -5*m. Let b = c - 19. Let s be (-223)/(-5) + 2/5. What is the greatest common divisor of s and b?
9
Suppose 3*r = -0*r. Suppose x - 3 = -r*x. Suppose -n - 348 = -5*v + x*n, -3*n + 81 = v. What is the highest common factor of 9 and v?
9
Let v(w) = w**3 - 8*w**2 - 7*w - 6. Let p be v(9). Let k be p*6/9 + 0. Let q = k - 5. Calculate the greatest common divisor of q and 12.
3
Suppose 0 = o + 2 - 16. Calculate the highest common divisor of o and 126.
14
Suppose 4*s = -2*v + 46, 4*v = -3*s - 11 + 53. Calculate the highest common divisor of 1 and s.
1
Suppose -d + 2*u + 3 = 0, -u - 7 = d - 22. Calculate the highest common factor of 121 and d.
11
Suppose -3*f = -4*d + 44, 0 = -f + 2*d - 4*d + 2. Let s = -2 - -1. Let i = s - f. What is the greate